ive s(0).
-14
Let j(m) be the second derivative of -m**4/12 - 3*m**3/2 + 39*m**2/2 + 16*m - 13. Calculate j(-12).
3
Suppose -42*a = 36*a - 4*a. Let h(c) = 3*c**3 + 3*c**2 + 8. Let p(n) = 2*n**3 + 2*n**2 + 4. Let y(b) = -3*h(b) + 5*p(b). Calculate y(a).
-4
Let s(c) = -c**2 - 8*c. Let i(x) = -12*x + 149. Let l be i(13). Determine s(l).
7
Let h(t) = -t - 4*t + 6 + t**2 - 2*t. Suppose -2*r = 10*r - 60. Calculate h(r).
-4
Let z(i) = -i - 6*i**2 + i**3 - 4*i - 2*i + 10*i + 4. Let d be ((-4)/3)/(52/(-195)). Calculate z(d).
-6
Let h(d) = 8*d + 2. Let n = 1157 + -1162. Determine h(n).
-38
Let i(m) = m + 1. Let g be 6 - (0/2 + 12). What is i(g)?
-5
Suppose -3*u + 20 = 4*i, -2*u = -7 - 1. Let h = 48 + -47. Let k(j) = i*j + 4 - h - 1. Give k(-4).
-6
Let f(s) = s**3 - 7*s**2 + 11*s - 2. Let d be (11 + -19)*12/(-16). What is f(d)?
28
Let p(t) = -t**3 + 7*t**2 + 31*t - 12. Let g be (-100)/(-75) + 52*(-3)/(-18). Determine p(g).
-2
Let n(h) = 6*h**3 - 8*h - 7*h**3 + 11*h**2 + 251 - 267. Give n(10).
4
Let d(p) = -5*p**3 - p**2. Let f = 271 - 273. What is d(f)?
36
Let y(d) = -d**2 + 3*d. Let x be (-136)/(-51)*(-39)/4. Let s be 2/5 - x/10. Calculate y(s).
0
Let w(c) = 2*c - 9. Suppose 2*o - 4 = -h, 4*o - 34 = -5*h + 8*o. Determine w(h).
3
Let d(m) = -m**3 + 10*m**2 - 8*m + 11. Let l = 553 + -544. Give d(l).
20
Let l(a) = a**3 - 3*a**2 + a - 3. Let c(s) = -2*s**3 + 7*s**2 - 2*s + 7. Let v(r) = 4*r + 67. Let y be v(-16). Let o(x) = y*c(x) + 7*l(x). Determine o(-2).
-10
Let f(z) = -4*z**3 + 16*z**2 + 16*z. Let y(c) = 5*c**3 - 17*c**2 - 16*c - 3. Let p(t) = -4*f(t) - 3*y(t). Determine p(14).
-19
Let b(h) = -20*h + 3. Suppose -4*k = 2*a + 2, -8 = a - 2*k - 3. What is b(a)?
63
Let n = -44 - -63. Suppose 5*k + n = 9. Let w(v) = -7 - 3*v + 2 + 2 - 2*v**2. What is w(k)?
-5
Let f(k) be the second derivative of -k**8/6720 + k**7/504 + k**6/360 - k**5/30 - 3*k**4/4 - 7*k. Let g(d) be the third derivative of f(d). Give g(5).
6
Let v(d) = 7*d - 4. Let w(g) = -17*g + 0 + 11*g + 3. Let l(k) = -5*v(k) - 6*w(k). Suppose -o + m = -2*m + 2, -6 = -o - m. What is l(o)?
6
Let c(a) = -a - 4. Let y(d) = 2*d + 8. Let p(g) = 5*c(g) + 3*y(g). Give p(10).
14
Let r(g) = 6*g**2 - 2*g**2 + 1 + 2475*g - 2473*g. Calculate r(-1).
3
Suppose 4 = 2*v - 2*a, -a = 2*v - 8 + 4. Let r(l) = 4*l - 5*l - 5*l - v + 3. Let d = -31 - -32. Determine r(d).
-5
Let t(q) = -q**2 - q - 3. Let o(b) = -3*b**2 - 3*b - 5. Let i(g) = 2*o(g) - 5*t(g). Suppose 0 = 20*h - 26*h + 24. Calculate i(h).
-15
Let h(p) = p**2 + 5*p - 4. Let a = 104 + -69. Suppose -5*w - a = -5. Calculate h(w).
2
Let y(h) = -2*h**3 + 2*h**2 - h. Let t be (40/25)/((-6)/(-75)). Let g = 10 + t. Let q = g + -28. Calculate y(q).
-10
Suppose -169*u + 164*u - 30 = 0. Let b(z) = -z**3 - 5*z**2 + 7*z - 1. Give b(u).
-7
Let f(n) = -5*n**2 + 9*n - 2. Suppose -3*o + 8*o + 6 = 4*v, -v + 10 = 3*o. Give f(o).
-4
Let x(j) = -17*j. Let a(p) = -p**2 - 10*p - 17. Suppose -35 = 4*k + d, -k + 2*k + 4*d + 20 = 0. Let u be a(k). Determine x(u).
17
Suppose 4*d + 27 = 35. Let u(y) = 7*y - 5*y + d*y**2 - 6 + 4. Give u(-2).
2
Let d(h) = h - 17. Let w be (0/1)/(465/155). Determine d(w).
-17
Let r(n) be the second derivative of -n**5/20 - n**4/2 + 3*n**3/2 + 5*n**2 - n. Let a = 842 - 849. Calculate r(a).
-4
Let c(z) = 7*z - 5. Let b(k) = -20*k + 12. Let g(r) = -3*b(r) - 8*c(r). Give g(-2).
-4
Let n(q) = 2*q**3 + 9*q**2 + 6*q + 10. Let h = 40 + -44. Let o be n(h). Let x(m) = 2*m**2 - 2*m - 1. What is x(o)?
3
Suppose -23*w = -7*w - 144. Let s(u) = u**3 - 9*u**2 + u - 6. What is s(w)?
3
Let g(i) = 5*i**3 - 29*i**2 - 24*i - 7. Let s(j) = 3*j**3 - 19*j**2 - 16*j - 5. Let r(a) = -5*g(a) + 8*s(a). Give r(-6).
7
Let j be (1 - 2)*(-4 - 1). Let u be 930/2 - (-1 + 0/(-7)). Let o(q) = -q**2 + q + 459 - u + 4*q. What is o(j)?
-7
Let v(u) be the first derivative of u**4/4 - 7*u**3/3 + 9*u**2/2 + 3*u - 156. Give v(5).
-2
Let a(j) = 2*j + 15. Let t = 1950 + -1955. What is a(t)?
5
Let g(x) be the third derivative of -x**6/120 - x**5/20 + x**4/4 + 5*x**3/6 - x**2. Suppose 4*i + 3*i = 0. Suppose -56*p + 60*p + 16 = i. Give g(p).
-3
Let u be (((-70)/7)/5)/1. Let z(q) = 13*q - 1. Calculate z(u).
-27
Suppose 45 = 4*z + r - 4*r, z = 3*r + 18. Let u be (z/6)/((-9)/(-12)). Let g(h) = -14*h + 0*h**2 + 7*h**u - 2 - h**3 + 8*h. Determine g(6).
-2
Let y be 4/10*15/6. Let k be (-3 - -2) + 2 - (y - -1). Let m(d) = 12*d**3 + d**2 + d + 1. Determine m(k).
-11
Let x = 7 - 0. Let t(y) = 30*y + 6*y**2 - y**3 - 6 - 48*y + 26*y. Calculate t(x).
1
Suppose -6*l = -2*l - 40. Let j = l - 2. Let w = -11 + j. Let c(s) = s**2 + 5*s - 1. What is c(w)?
-7
Let n(x) = -6 + 70*x + 72*x + 5*x**2 - x**3 - 125*x. What is n(7)?
15
Let a = 293 - 282. Let y(l) = l**3 - 11*l**2 - 9. Give y(a).
-9
Suppose -5 = -v - 3*i, -3*v - 1 = 3*i - 10. Let a(g) be the first derivative of 1 - 2*g + 2/3*g**3 + 1/2*g**2. Give a(v).
8
Let j be 8/1 + -1 + 0. Let b = 5 - j. Let m(a) = 3*a - 2. Let l(x) = 22*x - 10. Let s(u) = -l(u) + 6*m(u). What is s(b)?
6
Let y = -1240 + 1237. Let v(u) be the second derivative of -u**4/12 - u**3/3 - 3*u**2/2 + u. Determine v(y).
-6
Let u = -20 - -42. Let h = 16 - u. Let q(o) = o**2 + 8*o - 2. Determine q(h).
-14
Suppose 4*z = 20, 2*z - 3 - 3 = -4*i. Let v(j) = -8*j**2 + 2*j + 0*j - 9 + 10. Calculate v(i).
-9
Let p = -161 - -167. Let l(u) = -u**2 + u - 4. Give l(p).
-34
Let k(j) = -j**3 + 3*j**2 + 4*j. Let w be 0/(3 + 8/(-4)). Suppose 4*x = -w*x - 5*q + 27, -15 = -x - 4*q. Suppose 2*d - 15 = -x*d. Calculate k(d).
12
Suppose 5*u + 17 = 2*o - 11, -4*u = -2*o + 24. Let g(l) be the first derivative of -5*l**2/2 + 6*l - 189. Calculate g(o).
-14
Let j(x) = 8*x + 2. Let t be 29/(-87) - (-4)/(-6). Calculate j(t).
-6
Suppose 4 - 2 = l. Suppose -20 = 4*v, -4*d + 8*d - 28 = 4*v. Let z(c) = -c**3 + l*c + c - 2*c + 0*c + 5*c**d. Give z(5).
5
Let y = 211 - 215. Let z(c) be the second derivative of -c**4/12 - c**3 - c**2 + 6*c. What is z(y)?
6
Suppose v = 5*v + 2*t + 26, 2*t - 10 = 0. Let l(m) = m**2 + 8*m - 12. What is l(v)?
-3
Let y(w) be the third derivative of w**5/60 + 5*w**4/24 - w**3/3 - w**2. Let l be (1 - 7/(-7)*6)/(-1). Calculate y(l).
12
Let r(i) = -11*i. Suppose -3*x = 4*x + 14. Determine r(x).
22
Let b(c) = -3*c - 2. Let d be b(-4). Let i be 4 + ((-45)/d - 1/2). Let w(n) = -1 - 3*n + 0*n + 5*n. Give w(i).
-3
Let o(x) = -9141 + 9148 + x**2 + 5*x + 0*x**2. What is o(-6)?
13
Let k(c) = 4 + 0 - 2 - 6*c - 3. Let a be k(-1). Suppose 0*d - 10 = -a*d. Let g(y) = -2*y - 1. Give g(d).
-5
Let b = 85 + -120. Let r be 2/((-60)/57 - -1). Let t = r - b. Let q(a) = -a**2 - a - 1. What is q(t)?
-7
Let k be -9*(0 + (-2)/3). Let w(h) = -7*h**3 + h**2 - 6*h - 2. Let q(y) = -15*y**3 + y**2 - 13*y - 3. Let c(o) = k*q(o) - 13*w(o). Calculate c(7).
8
Let z(a) = a**2 - 7*a - 4. Suppose 6 = -4*n + 42. What is z(n)?
14
Let g(u) = -u - 5. Let h(i) = 6*i**2 - 5*i + 7. Let w(x) = -17*x**2 + 14*x - 21. Let f(s) = -8*h(s) - 3*w(s). Let y be f(0). Calculate g(y).
-12
Suppose -3*n + 29 = 4*b, 2*n - 61 = b - 71. Let i(s) = -s**2 + 8*s - 6. Calculate i(b).
-6
Let k(r) = r**3 + 5*r**2 - 16*r - 10. Suppose -498 + 435 = 9*a. Calculate k(a).
4
Let j(i) = 1731 - 3458 + 1724 - 12*i. What is j(-3)?
33
Let j(r) = 2*r**2 + 24*r - 14. Let o(i) = i**2 + 20*i - 14. Let v(y) = 2*j(y) - 3*o(y). Suppose 24 + 22 = 4*l - 3*s, s - 18 = -2*l. Give v(l).
-6
Let s be (7/7)/(2/6). Let k(f) be the second derivative of f**4/6 - 3*f**2/2 - 14*f. Determine k(s).
15
Let g(l) = -16*l + 6*l + 13*l + 5 - 25. Let s be g(8). Let x(o) = 0*o**3 + 3*o**3 + 7*o - 6 + 3*o**2 - 4*o**3. What is x(s)?
6
Let i = 1 - -23. Let l = i - 28. Let s(d) = -d**3 - 5*d**2 - 7*d - 4. Give s(l).
8
Let f(u) be the first derivative of 7*u + 1/2*u**2 + 15. Determine f(-7).
0
Let q(r) be the first derivative of r**3/3 - r**2 + r + 152. What is q(-4)?
25
Let j(l) = -l**3 + 8*l**2 - 9*l + 10. Suppose -141 = 2*m + 39. Let h be 1/2 - (m/12 - -1). What is j(h)?
-4
Let g(f) = -f - 9. Let h(p) = -3*p - 26. Let o(u) = -11*g(u) + 4*h(u). Let v be (2 + (-30)/25)*-40. Let y = 28 + v. Give o(y).
-1
Let f(c) be the first derivative of -c**5/20 + 3*c**4/4 + 3*c**3/2 + 5*c**2 + 23*c + 25. Let s(d) be the first derivative of f(d). What is s(10)?
0
Let w(a) = 4*a - 10. Let m(g) = -3*g + 9. Let f(j) = -5*m(j) - 4*w(j). Calc